-8
Let g(r) = -11 + r**2 + 10 - 10*r + 4*r. Determine g(7).
6
Let v = -37 + 31. Let b(y) = -y - 6. Let w be b(v). Let x(h) = -5 + 3*h**3 - h + h**3 - 3*h**3. Give x(w).
-5
Let m(x) = -6*x**2 + 67*x + 66*x + 2*x**2 + 5 - 137*x. Let w(j) = j**2 + j - 1. Let h(k) = -m(k) - 6*w(k). Give h(1).
-3
Let w = -16 + 18. Let n(o) = 8*o**3 - 3 - 4*o**2 - 4*o**3 - w*o**3 + 1. Suppose -18 = 3*s - 7*s + 3*i, 3*i = -6. Determine n(s).
16
Suppose -8 = -5*k - 3*r, -4*k + 5*r = 2*r - 28. Suppose -4*a - 20 = k. Let h(p) be the third derivative of -p**4/24 - 7*p**3/6 - 13*p**2 - 14. Calculate h(a).
-1
Let g(l) be the second derivative of -2*l**2 - 14*l + 2/3*l**3 - 1/12*l**4 + 0. Give g(3).
-1
Let z(m) = m**3 + 6*m**2 - m - 1. Let j be z(-5). Suppose 4*l - a + j = 0, -2*l - 4*a + 25 = -5*l. Let k(f) = 1449 - 2887 - f**2 - 9*f + 1430. Calculate k(l).
6
Let d(a) = a**3 + 6*a**2 + 6*a + 1. Suppose -y + 1 = -0. Let c(p) = 4*p**2 + 2*p - 1. Let m be c(y). Suppose m = -i - 0. What is d(i)?
-4
Let n(h) = -h**2. Suppose -17 = -4*d - 5. Let o be (1 - -1) + 1 + (-12)/d. Determine n(o).
-1
Let p(x) = -x + 4. Let m(r) = r - 4. Let j(y) = -4*m(y) - 3*p(y). Give j(-5).
9
Let o(j) = -j - 1. Let q be o(-3). Suppose -4 - 4 = -q*u. Let l(h) = h**3 - 5*h**2 + 2*h + 5. Calculate l(u).
-3
Let f(o) = 0*o**2 + 2*o**3 - 2*o - 3*o**3 + 7*o**2 + 164 - 3*o**2 - 160. Let w = 1 + 2. Calculate f(w).
7
Let h(t) = 5*t - 23*t - 15*t + 32*t. Calculate h(4).
-4
Suppose -3*f + 6*f = -15. Let z(w) = 6*w**3 + 6*w**2 + 13*w + 9. Let i(n) = -7*n**3 - 6*n**2 - 14*n - 10. Let x(o) = 5*i(o) + 6*z(o). What is x(f)?
-11
Let t = 25 - 25. Let g(s) = -4*s + 4*s**2 + t*s**3 - 7 + 2*s**3 - s**3. Determine g(-5).
-12
Suppose -k - 7 = -4*d - d, 0 = -2*d - 5*k - 8. Let q = 8 - d. Let f(h) be the first derivative of h**4/4 - 7*h**3/3 - h**2 + 7*h - 504. Give f(q).
-7
Let n(a) be the third derivative of -a**6/120 - a**5/15 - a**4/12 - 7*a**3/6 + 206*a**2. Calculate n(-3).
-10
Suppose 2*r - 15 = -5*u + 2*u, -4*u - r + 25 = 0. Let t(i) = i**3 + i**2 + i + 7*i**3 - u*i**3 + 0*i**3 + 9. Let z(s) = s + 4. Let p be z(-4). What is t(p)?
9
Let b(f) be the second derivative of f**6/360 - f**5/24 + 5*f**4/24 + 11*f**3/6 - 58*f. Let k(j) be the second derivative of b(j). Determine k(5).
5
Let q be (-1 + 1)*51/(-102). Let x(k) = -k**2 + 8. Give x(q).
8
Let q = 14 - 10. Let m be (-32)/(-10) + (-2)/10. Let n(i) = -i + 1. Let y(v) = -v. Let w(x) = m*n(x) - 2*y(x). Determine w(q).
-1
Let q(j) = j - 7. Let n(r) = -r**3 - 5*r**2 + 11*r - 8. Let s be n(-7). Give q(s).
6
Suppose 0 = -4*d + 6*d + 4*w + 14, -4*w = 5*d + 59. Let m be ((-54)/d - 2)*(-5)/2. Let o(v) = v**2 + v**2 - 4*v + v**3 + v**2. Determine o(m).
0
Let g(l) be the first derivative of -l**2 - 3*l + 177. Let z be 13/(-3) + 6/(-9). Give g(z).
7
Suppose 15 = -4*w + 3. Let f be (-4)/(2 + 0) + w. Let y(x) be the third derivative of -x**5/60 - x**4/6 + x**3/3 + 49*x**2 - 3. What is y(f)?
-3
Suppose -2*v + 5 = -3*v. Let i(d) be the first derivative of d**2/2 + 6*d - 440. Determine i(v).
1
Suppose -6*j + 82 - 70 = 0. Let m = 2 - -1. Let x(v) = v - v**2 - m + 3 + j*v + 3. Determine x(5).
-7
Let d(f) be the second derivative of 25*f**3/6 + f**2/2 + 4*f. Determine d(-1).
-24
Suppose 9 = 2*f - 3*a, -5*f + 2 = 4*a - 9. Let r(j) = 2*j - 3. Calculate r(f).
3
Let a be -5 + 3 - (-1 - -4). Let f(w) = w**2 + 9*w - 2. What is f(a)?
-22
Let u(n) be the third derivative of 0*n + 0 - n**2 + 1/3*n**3 + 1/24*n**4. Suppose -3*l + 15 = -4*q + 12, 5*q = -2*l - 21. Calculate u(q).
-1
Let k(b) = -19*b**2 - b. Let x = 100 - 101. What is k(x)?
-18
Let u = 31 + -185. Let g be 163/11 - 28/u. Suppose 45 = 5*i + g. Let n(j) = -2*j - 2. Determine n(i).
-14
Let b(r) = r**3 - 6*r**2 - r - 3. Let w(o) = -o**3 + o**2 - o - 1. Let i(m) = b(m) + 2*w(m). Suppose 0 = -4*s - 8*f + 5*f - 4, -3*s - 4*f = -4. Give i(s).
7
Suppose 0 = -4*f + 4*s - 0*s + 28, 36 = 4*f + 4*s. Suppose 3*i = -i + f. Let j(o) = o - 2*o - i - 3*o. What is j(-2)?
6
Let r be 360/56 + -7 - (-31)/(-7). Let y(d) be the third derivative of -d**4/8 - d**3 - 17*d**2. What is y(r)?
9
Suppose -3*t + 3*w + 99 = 2*w, 5*t - 2*w = 166. Suppose -12 = -4*h - t. Let l(i) = i - 1. Give l(h).
-6
Let f(m) = 7*m**3 + 9*m**2 + 13*m + 9. Let g(c) = 10*c**3 + 14*c**2 + 19*c + 12. Let w(z) = -7*f(z) + 5*g(z). Calculate w(-6).
9
Suppose 12*o + 92 = -11*o. Let g(b) be the second derivative of b**5/20 + b**4/3 - b**3/3 + b**2 - 5*b. Determine g(o).
10
Let g(t) be the third derivative of t**4/12 - 13*t**3/6 + 7*t**2. Let w be g(10). Let l(u) = -15*u - 10 + 7*u + u**2 + 3*u. Calculate l(w).
4
Let n(m) be the first derivative of -m**6/120 + m**5/12 + 7*m**4/24 + m**3/2 + 21*m**2 + 36. Let s(f) be the second derivative of n(f). Calculate s(6).
9
Let o(i) = -i**2 + 9*i + 13. Let b(s) = 6*s - 128. Let z be b(23). Determine o(z).
3
Suppose 5 = 27*r - 22*r. Let g(d) = d**3 + d - 1. Let h(q) = -17*q**3 - q**2 + 5*q - 4. Let o(m) = r*h(m) - 4*g(m). Determine o(1).
-21
Let i(d) = -d**3 - 7*d**2 - 4*d + 3. Let k(g) be the first derivative of g**3/3 + 8*g**2 + 33*g - 42. Let f be k(-13). Calculate i(f).
-9
Let y(q) = q + 1. Let g = -22 - -22. Suppose n + 2*n - 5*o + 2 = g, -2*o = -3*n + 10. What is y(n)?
7
Let r = 129 - 129. Let u(v) = -v + 4 + 5*v - 3*v + r*v. Give u(-4).
0
Let t(j) = -j**2 - 6*j + 5. Let o(w) = -37*w + 363. Let y be o(10). Determine t(y).
-2
Let g(b) = b + 12. Let d be g(-9). Let v = 9 - d. Let c(z) = -z**2 + v*z + 10 - 3 - 3. What is c(5)?
9
Let d(b) = 7*b**3 + 5*b**2 + 19*b. Let c(r) = r**3 + r**2 + 6*r. Let n(s) = 3*c(s) - d(s). Let g = -1 - 0. Determine n(g).
3
Let b be ((-4)/2 - (1 - 2))*-5. Let m(q) = -q**2 - q + 17. Calculate m(b).
-13
Let g(f) = 10*f + f**2 + 4*f + 2*f - 14*f - 1. Calculate g(-2).
-1
Let h(c) = -c + 4. Let r = 54 + -49. Suppose r*s - 15 + 30 = 0. Give h(s).
7
Let g(i) = 5*i**2 + 2*i - 28. Let q(f) = f**2 - f - 3. Let n(p) = -g(p) + 6*q(p). What is n(7)?
3
Let o(r) be the first derivative of r**3/3 + 4*r**2 + 9*r + 457. Give o(-4).
-7
Let u(o) = o**2 + 3*o - 3. Suppose 2*w - 12 = 5*w - 5*q, -8 = 2*w + 2*q. Calculate u(w).
1
Suppose 5*r + 2*c = 11, -9 = r - 4*r - 2*c. Let y(m) = -6 - r - 2*m + 1 - 1. Let t(w) = -4*w - 15. Let d(l) = -4*t(l) + 9*y(l). Calculate d(-5).
7
Suppose 0 = 3*c - 4 + 4. Let d(q) = c*q**2 + 6 - 17*q + q**2 + 8*q + 0*q. What is d(6)?
-12
Let b(k) = k**2 + 4*k + 2. Let h = 61 - 154. Let g = 90 + h. Calculate b(g).
-1
Let h(i) = -i - 5*i**2 + 3*i**2 - 1 + 3*i + 3*i**3. Let l(s) = -2*s**3 - 48*s**2 - 2*s - 47. Let p be l(-24). What is h(p)?
2
Let i(j) be the first derivative of j**4/4 + 7*j**3/3 + j**2/2 - j + 18. Let n(q) = q**3 + 9*q**2 - 10*q - 7. Let r be n(-10). Give i(r).
-8
Let o = -422 + 430. Let a(m) = -3*m + 10. Give a(o).
-14
Let s(i) = -7 - 14*i - i**2 - 6 - 2 - 8 + 4. Give s(-13).
-6
Let b(y) be the second derivative of y**5/20 + y**4/12 + y**3/6 - 25*y**2/2 + 4*y + 19. Calculate b(0).
-25
Let z(j) = 2*j - 33. Let c(r) = 20 - 4 - 14*r + 13*r. Let b(u) = 9*c(u) + 4*z(u). What is b(6)?
6
Let r(v) = 5*v**2 + v - 9. Let w(s) be the first derivative of 11*s**3/3 + 3*s**2/2 - 19*s - 4. Let x(g) = -13*r(g) + 6*w(g). What is x(-4)?
-1
Let r(s) = 4*s - 2. Let z = -51 - -47. Let b be z + 5 - (1/(-1) + 0). Calculate r(b).
6
Let r(d) = 2*d**2 - 32*d + 24. Let g(n) = 11*n + 301. Let c be g(-26). What is r(c)?
-6
Let c(x) = -x**2 - x - 1 - 753*x**3 - 2*x**2 + 752*x**3. Suppose -1 = 4*p - w - 6, 15 = 4*p - 3*w. Suppose -k + p = 2. Give c(k).
-3
Let v(h) = -2*h**2 + h. Suppose -2*a - 8*c = -4*c - 2, 5*c = -4*a + 1. Give v(a).
-3
Let m(o) be the second derivative of -o**3/2 - 41*o**2/2 + 263*o. Give m(-13).
-2
Let i(p) = 6*p + 5*p**2 - 5*p + 3 + 10 - 4*p**2. Suppose g - 4 = -g. Suppose g*u = 4*u. Calculate i(u).
13
Let h be (-1)/(-1)*7 - -1. Let q(m) = -m**3 + 14*m**2 + 15*m - 2. Let x(i) = i**3 - 13*i**2 - 14*i + 2. Let f(d) = -6*q(d) - 7*x(d). What is f(h)?
-2
Let h(i) = -10*i. Suppose -12*d + 9*d = -27. Let x(w) = -w**2 + 8*w + 10. Let r be x(d). Give h(r).
-10
Suppose 2*f + 4*s + 10 = 26, 0 = f + 4*s - 14. Let k(j) = 6*j - 4*j - j**f - 7*j. Give k(-4).
4
Let o(s) = -1 - s - 1 - 3*s. Let u = 33 - 28. Suppose -u*m - 18 = -3. What is o(m)?
10
Let h(w) = w + 2. Let m be h(1). Let q(f) be the first derivative of 1/2*f**2 - 2*f 